on divisor of 930659 and 264491.
41
Calculate the highest common divisor of 2328 and 10312.
8
What is the highest common divisor of 98850213 and 3267?
297
Calculate the greatest common factor of 26 and 16675282.
26
Calculate the greatest common divisor of 543612 and 2426852.
356
Calculate the greatest common factor of 42687553 and 562.
281
Calculate the greatest common factor of 5152 and 98942228.
644
What is the highest common divisor of 16 and 16078240?
16
Calculate the highest common factor of 491344 and 14596.
164
Calculate the greatest common divisor of 354687 and 64749.
573
What is the highest common factor of 190302 and 63546?
42
Calculate the greatest common divisor of 13774 and 7558628.
194
What is the greatest common factor of 58137903 and 27?
9
What is the greatest common factor of 5415 and 63688?
19
What is the greatest common divisor of 27512 and 948802?
362
What is the highest common divisor of 3016480 and 881280?
2720
What is the greatest common divisor of 7 and 9529541?
7
What is the highest common divisor of 27360 and 3781728?
288
What is the greatest common factor of 175317058 and 406?
14
Calculate the greatest common factor of 12 and 291246504.
12
What is the greatest common factor of 1145002564 and 34?
34
What is the highest common factor of 96256 and 4704?
32
What is the highest common divisor of 2781801 and 1485?
99
Calculate the highest common factor of 1749990 and 18480.
330
What is the greatest common divisor of 26 and 13124579?
13
What is the greatest common divisor of 8585285 and 267445?
3005
What is the greatest common divisor of 101 and 621298066?
101
What is the highest common factor of 118724 and 614256?
268
Calculate the greatest common divisor of 70603490 and 2566.
2566
What is the highest common divisor of 11716 and 187340?
116
What is the greatest common divisor of 22675041 and 73?
73
What is the highest common divisor of 752266626 and 1437?
1437
What is the highest common factor of 381 and 63655956?
381
What is the greatest common factor of 331440002 and 146?
146
Calculate the highest common factor of 82569564 and 3696.
924
What is the highest common factor of 1118808 and 308976?
984
Calculate the highest common factor of 31997 and 22431203.
653
Calculate the greatest common factor of 97308 and 3294.
54
What is the highest common factor of 1151 and 282800700?
1151
Calculate the highest common factor of 2071580 and 660.
20
Calculate the greatest common divisor of 6603176 and 8.
8
Calculate the highest common divisor of 112304 and 4656.
16
What is the highest common factor of 118127961 and 48132?
12033
Calculate the greatest common divisor of 38 and 427811600.
38
What is the highest common factor of 44944 and 62464?
16
What is the highest common divisor of 3095522 and 13786?
226
What is the highest common factor of 1974 and 5676?
6
Calculate the highest common divisor of 187 and 2784617.
187
Calculate the highest common divisor of 178395614 and 7450.
298
What is the highest common divisor of 170585 and 11009?
109
What is the highest common factor of 217601 and 439111?
1303
What is the highest common factor of 40261 and 76610?
163
What is the highest common factor of 6 and 18093018?
6
What is the greatest common factor of 887421 and 10023?
771
What is the greatest common factor of 922770 and 12710?
10
Calculate the highest common factor of 30642 and 104088.
6
What is the greatest common factor of 1653 and 106305?
57
Calculate the highest common divisor of 8547 and 28434.
21
Calculate the greatest common factor of 3436 and 4489993.
859
Calculate the greatest common factor of 128 and 1123986560.
128
What is the highest common divisor of 14240 and 755563720?
3560
Calculate the greatest common factor of 12959987 and 31976.
571
Calculate the highest common divisor of 1760 and 1496960.
160
What is the highest common factor of 1020 and 81042655?
85
What is the highest common factor of 110840 and 4362695?
815
What is the greatest common divisor of 696696 and 918894?
174
What is the highest common factor of 44756784 and 204?
204
What is the greatest common divisor of 20980 and 891261870?
10490
What is the greatest common factor of 66284 and 358868?
292
Calculate the greatest common divisor of 22045834 and 356.
178
What is the greatest common divisor of 280 and 929740?
140
What is the greatest common factor of 314374778 and 5202?
578
Calculate the greatest common divisor of 3577998 and 2073.
2073
What is the highest common divisor of 2474 and 2093020081?
1237
What is the greatest common factor of 80220 and 1821?
3
Calculate the highest common factor of 67720 and 590.
10
Calculate the greatest common factor of 79265153 and 23.
23
Calculate the highest common factor of 635 and 2023745.
635
Calculate the highest common factor of 69530 and 11302715.
2045
What is the greatest common divisor of 912 and 51256224?
912
What is the highest common factor of 83111 and 158410?
217
What is the greatest common divisor of 95 and 161828795?
95
Calculate the highest common factor of 594394562 and 34.
34
What is the greatest common factor of 307769 and 49106?
571
Calculate the highest common divisor of 9442 and 73397387.
4721
Calculate the highest common divisor of 22 and 97722.
2
Calculate the greatest common divisor of 125 and 57003775.
25
What is the greatest common factor of 40851 and 2441151?
27
What is the greatest common factor of 106084120 and 16?
8
Calculate the greatest common divisor of 164 and 12689828.
164
Calculate the highest common factor of 5893240 and 240.
40
What is the highest common factor of 201136 and 54184?
104
What is the highest common factor of 3373392 and 528?
528
Calculate the greatest common factor of 28985 and 7218761.
187
What is the highest common factor of 634866 and 86070?
114
What is the highest common divisor of 949844 and 1043?
7
Calculate the highest common divisor of 2086 and 2694713.
7
Calculate the greatest common divisor of 961938 and 14814.
18
What is the greatest common divisor of 348120 and 270?
90
Calculate the greatest common divisor of 118601 and 567.
7
What is the greatest common divisor of 3652 and 6423164?
44
Calculate the greatest common factor of 5400776030 and 19.
19
What is the highest common divisor of 866 and 20184295?
433
What is the greatest common factor of 2568 and 3080958?
642
Calculate the greatest common divisor of 652 and 648820.
4
What is the highest common divisor of 89080 and 1670512?
1048
Calculate the highest common factor of 624 and 29908749.
39
What is the highest common factor of 2310 and 1674834?
42
Calculate the greatest common factor of 13 and 1217287.
1
What is the greatest common divisor of 21 and 91627004?
7
What is the highest common factor of 2295 and 897515?
85
What is the greatest common factor of 117493811 and 321?
107
What is the greatest common divisor of 84 and 139564068?
84
Calculate the highest common divisor of 197200 and 29178640.
2320
Calculate the greatest common divisor of 320964 and 166740.
84
Calculate the highest common factor of 73406138 and 81874.
1742
Calculate the highest common factor of 72 and 36756024.
24
Calculate the greatest common factor of 19936757 and 4853.
211
What is the highest common divisor of 1169753373 and 513?
513
Calculate the highest common factor of 14399 and 12170543.
847
Calculate the highest common divisor of 10655546 and 131923.
737
What is the greatest common factor of 2041 and 3995618757?
2041
Calculate the greatest common factor of 247 and 98478406.
247
What is the highest common factor of 432 and 220502864?
16
What is the greatest common divisor of 954822 and 212602?
1258
What is the greatest common divisor of 5614651 and 56?
7
Calculate the highest common divisor of 22810237 and 73.
73
What is the highest common divisor of 10539077 and 5803?
829
What is the greatest common divisor of 7605 and 45406920?
2535
Calculate the highest common factor of 591894 and 342.
18
What is the greatest common factor of 112390 and 1175?
5
Calculate the highest common divisor of 599928 and 6720.
168
Calculate the greatest common divisor of 6555814 and 383872.
5998
What is the highest common factor of 52820037 and 1377?
153
Calculate the highest common divisor of 3356 and 2860.
4
Calculate the greatest common divisor of 565827